{"id":2,"date":"2023-05-19T18:22:20","date_gmt":"2023-05-19T16:22:20","guid":{"rendered":"http:\/\/ecoledumouvement.fr\/?page_id=2"},"modified":"2025-01-17T11:49:58","modified_gmt":"2025-01-17T10:49:58","slug":"sport-sante-bidache","status":"publish","type":"page","link":"https:\/\/ecoledumouvement.fr\/index.php\/sport-sante-bidache\/","title":{"rendered":"SPORT SANTE"},"content":{"rendered":"\t\t<div data-elementor-type=\"wp-page\" data-elementor-id=\"2\" class=\"elementor elementor-2\">\n\t\t\t\t\t\t<section class=\"elementor-section elementor-top-section elementor-element elementor-element-8b870c4 elementor-section-boxed elementor-section-height-default elementor-section-height-default\" data-id=\"8b870c4\" data-element_type=\"section\" data-e-type=\"section\">\n\t\t\t\t\t\t<div class=\"elementor-container elementor-column-gap-default\">\n\t\t\t\t\t<div class=\"elementor-column elementor-col-100 elementor-top-column elementor-element elementor-element-25cab67\" data-id=\"25cab67\" data-element_type=\"column\" data-e-type=\"column\">\n\t\t\t<div class=\"elementor-widget-wrap elementor-element-populated\">\n\t\t\t\t\t\t\t<\/div>\n\t\t<\/div>\n\t\t\t\t\t<\/div>\n\t\t<\/section>\n\t\t\t\t<section class=\"elementor-section elementor-top-section elementor-element elementor-element-18854a7 elementor-section-boxed elementor-section-height-default elementor-section-height-default\" data-id=\"18854a7\" data-element_type=\"section\" data-e-type=\"section\">\n\t\t\t\t\t\t<div class=\"elementor-container elementor-column-gap-default\">\n\t\t\t\t\t<div class=\"elementor-column elementor-col-50 elementor-top-column elementor-element elementor-element-a3f3414\" data-id=\"a3f3414\" data-element_type=\"column\" data-e-type=\"column\">\n\t\t\t<div class=\"elementor-widget-wrap elementor-element-populated\">\n\t\t\t\t\t\t<div class=\"elementor-element elementor-element-8940f44 elementor-widget elementor-widget-heading\" data-id=\"8940f44\" data-element_type=\"widget\" data-e-type=\"widget\" data-widget_type=\"heading.default\">\n\t\t\t\t<div class=\"elementor-widget-container\">\n\t\t\t\t\t<h2 class=\"elementor-heading-title elementor-size-default\"><span class=\"elementor-heading-title elementor-size-default elementor-inline-editing pen\" data-elementor-setting-key=\"title\" data-pen-placeholder=\"\u00c9crivez ici...\" style=\"clear: both;line-height: 1.5em\">Vitalit\u00e9 au quotidien<\/span><\/h2>\t\t\t\t<\/div>\n\t\t\t\t<\/div>\n\t\t\t\t<div class=\"elementor-element elementor-element-4c00315 elementor-widget elementor-widget-image\" data-id=\"4c00315\" data-element_type=\"widget\" data-e-type=\"widget\" data-widget_type=\"image.default\">\n\t\t\t\t<div class=\"elementor-widget-container\">\n\t\t\t\t\t\t\t\t\t\t\t\t\t\t\t<img fetchpriority=\"high\" decoding=\"async\" width=\"300\" height=\"300\" src=\"https:\/\/ecoledumouvement.fr\/wp-content\/uploads\/2023\/09\/IMG_0544-300x300.png\" class=\"attachment-medium size-medium wp-image-145\" alt=\"Taiso sport sant\u00e9\" srcset=\"https:\/\/ecoledumouvement.fr\/wp-content\/uploads\/2023\/09\/IMG_0544-300x300.png 300w, https:\/\/ecoledumouvement.fr\/wp-content\/uploads\/2023\/09\/IMG_0544-100x100.png 100w, https:\/\/ecoledumouvement.fr\/wp-content\/uploads\/2023\/09\/IMG_0544-600x600.png 600w, https:\/\/ecoledumouvement.fr\/wp-content\/uploads\/2023\/09\/IMG_0544-1024x1024.png 1024w, https:\/\/ecoledumouvement.fr\/wp-content\/uploads\/2023\/09\/IMG_0544-150x150.png 150w, https:\/\/ecoledumouvement.fr\/wp-content\/uploads\/2023\/09\/IMG_0544-768x768.png 768w, https:\/\/ecoledumouvement.fr\/wp-content\/uploads\/2023\/09\/IMG_0544-1536x1536.png 1536w, https:\/\/ecoledumouvement.fr\/wp-content\/uploads\/2023\/09\/IMG_0544.png 1620w\" sizes=\"(max-width: 300px) 100vw, 300px\" \/>\t\t\t\t\t\t\t\t\t\t\t\t\t\t\t<\/div>\n\t\t\t\t<\/div>\n\t\t\t\t\t<\/div>\n\t\t<\/div>\n\t\t\t\t<div class=\"elementor-column elementor-col-50 elementor-top-column elementor-element elementor-element-526ea200\" data-id=\"526ea200\" data-element_type=\"column\" data-e-type=\"column\">\n\t\t\t<div class=\"elementor-widget-wrap elementor-element-populated\">\n\t\t\t\t\t\t<div class=\"elementor-element elementor-element-48588d90 elementor-widget elementor-widget-text-editor\" data-id=\"48588d90\" data-element_type=\"widget\" data-e-type=\"widget\" data-widget_type=\"text-editor.default\">\n\t\t\t\t<div class=\"elementor-widget-container\">\n\t\t\t\t\t\t\t\t\t<h6 style=\"text-align: left;\">\u00a0<\/h6><h6>STAGES<\/h6><ul><li>1 jour :10:00 \u00e0 17:00 \u2014 130 \u20ac\u00a0<span style=\"font-size: 14px;\">\u00a0\u00a0<\/span><\/li><\/ul><h6>COURS PRIVES (1:00)<\/h6><ul><li>Cours particulier \u2014 65 \u20ac<\/li><li>2 personnes \u2014 95 \u20ac<\/li><li>3 \u00e0 5 personnes en petit groupe\u00a0\u2014 120 \u20ac<\/li><\/ul>\t\t\t\t\t\t\t\t<\/div>\n\t\t\t\t<\/div>\n\t\t\t\t\t<\/div>\n\t\t<\/div>\n\t\t\t\t\t<\/div>\n\t\t<\/section>\n\t\t\t\t<section class=\"elementor-section elementor-top-section elementor-element elementor-element-c367ed4 elementor-section-full_width elementor-section-height-default elementor-section-height-default\" data-id=\"c367ed4\" data-element_type=\"section\" data-e-type=\"section\">\n\t\t\t\t\t\t<div class=\"elementor-container elementor-column-gap-default\">\n\t\t\t\t\t<div class=\"elementor-column elementor-col-100 elementor-top-column elementor-element elementor-element-5676860\" data-id=\"5676860\" data-element_type=\"column\" data-e-type=\"column\">\n\t\t\t<div class=\"elementor-widget-wrap elementor-element-populated\">\n\t\t\t\t\t\t<div class=\"elementor-element elementor-element-67223fa elementor-widget elementor-widget-text-editor\" data-id=\"67223fa\" data-element_type=\"widget\" data-e-type=\"widget\" data-widget_type=\"text-editor.default\">\n\t\t\t\t<div class=\"elementor-widget-container\">\n\t\t\t\t\t\t\t\t\t<ul><li style=\"text-align: left;\"><b>La s\u00e9dentarit\u00e9 est la premi\u00e8re cause \u00e9vitable de la d\u00e9gradation de la sant\u00e9.<\/b><\/li><li><b>Le sport intensif n\u2019est pas adapt\u00e9 \u00e0 la recherche de sant\u00e9, car il g\u00e9n\u00e8re fatigue et vieillissement.\u00a0<\/b><\/li><li style=\"text-align: left;\"><b>Aussi, nous proposons des m\u00e9thodes induisant un minimum de fatigue pour un effet optimal.<\/b><\/li><\/ul><div class=\"YoplanningBookingEngine\" style=\"border: 0; border-radius: 3px; -moz-border-radius: 3px; -webkit-border-radius: 3px; box-shadow: 0 1px 3px rgb(0 0 0 \/ 12%), 0 1px 2px rgb(0 0 0 \/ 24%); box-sizing: border-box; -webkit-box-sizing: border-box; cursor: pointer; display: inline-block; font-family: sans-serif; text-align: center; user-select: none; background-color: #c5de9e; color: white; fill: white; font-size: 13px; line-height: 17px; padding: 10px 10px; position: fixed; right: 2%; top: 50%; width: 80px; z-index: 9999;\"><div><p><!-- Font Awesome Pro 5.15.4 by @fontawesome - https:\/\/fontawesome.com License - https:\/\/fontawesome.com\/license (Commercial License) --><\/p><div class=\"ypbeGrow\" style=\"height: 0; overflow: hidden; transition: height .5s; -moz-transition: height .5s; -ms-transition: height .5s; -o-transition: height .5s; -webkit-transition: height .5s;\">R\u00e9server<\/div><\/div><\/div><p><script type=\"text\/javascript\" src=\"https:\/\/booking.yoplanning.pro\/integration\/script.js\" async><\/script><\/p>\t\t\t\t\t\t\t\t<\/div>\n\t\t\t\t<\/div>\n\t\t\t\t\t<\/div>\n\t\t<\/div>\n\t\t\t\t\t<\/div>\n\t\t<\/section>\n\t\t\t\t<\/div>\n\t\t","protected":false},"excerpt":{"rendered":"<p>Vitalit\u00e9 au quotidien \u00a0 STAGES 1 jour :10:00 \u00e0 17:00 \u2014 130 \u20ac\u00a0\u00a0\u00a0 COURS PRIVES (1:00) Cours particulier \u2014 65 \u20ac 2 personnes \u2014 95 \u20ac 3 \u00e0 5 personnes en petit groupe\u00a0\u2014 120 \u20ac La s\u00e9dentarit\u00e9 est la premi\u00e8re cause \u00e9vitable de la d\u00e9gradation de la sant\u00e9. Le sport intensif n\u2019est pas adapt\u00e9 \u00e0 [&hellip;]<\/p>\n","protected":false},"author":1,"featured_media":0,"parent":0,"menu_order":0,"comment_status":"closed","ping_status":"closed","template":"","meta":{"ocean_post_layout":"","ocean_both_sidebars_style":"","ocean_both_sidebars_content_width":0,"ocean_both_sidebars_sidebars_width":0,"ocean_sidebar":"","ocean_second_sidebar":"","ocean_disable_margins":"enable","ocean_add_body_class":"","ocean_shortcode_before_top_bar":"","ocean_shortcode_after_top_bar":"","ocean_shortcode_before_header":"","ocean_shortcode_after_header":"","ocean_has_shortcode":"","ocean_shortcode_after_title":"","ocean_shortcode_before_footer_widgets":"","ocean_shortcode_after_footer_widgets":"","ocean_shortcode_before_footer_bottom":"","ocean_shortcode_after_footer_bottom":"","ocean_display_top_bar":"default","ocean_display_header":"default","ocean_header_style":"","ocean_center_header_left_menu":"","ocean_custom_header_template":"","ocean_custom_logo":0,"ocean_custom_retina_logo":0,"ocean_custom_logo_max_width":0,"ocean_custom_logo_tablet_max_width":0,"ocean_custom_logo_mobile_max_width":0,"ocean_custom_logo_max_height":0,"ocean_custom_logo_tablet_max_height":0,"ocean_custom_logo_mobile_max_height":0,"ocean_header_custom_menu":"","ocean_menu_typo_font_family":"","ocean_menu_typo_font_subset":"","ocean_menu_typo_font_size":0,"ocean_menu_typo_font_size_tablet":0,"ocean_menu_typo_font_size_mobile":0,"ocean_menu_typo_font_size_unit":"px","ocean_menu_typo_font_weight":"","ocean_menu_typo_font_weight_tablet":"","ocean_menu_typo_font_weight_mobile":"","ocean_menu_typo_transform":"","ocean_menu_typo_transform_tablet":"","ocean_menu_typo_transform_mobile":"","ocean_menu_typo_line_height":0,"ocean_menu_typo_line_height_tablet":0,"ocean_menu_typo_line_height_mobile":0,"ocean_menu_typo_line_height_unit":"","ocean_menu_typo_spacing":0,"ocean_menu_typo_spacing_tablet":0,"ocean_menu_typo_spacing_mobile":0,"ocean_menu_typo_spacing_unit":"","ocean_menu_link_color":"","ocean_menu_link_color_hover":"","ocean_menu_link_color_active":"","ocean_menu_link_background":"","ocean_menu_link_hover_background":"","ocean_menu_link_active_background":"","ocean_menu_social_links_bg":"","ocean_menu_social_hover_links_bg":"","ocean_menu_social_links_color":"","ocean_menu_social_hover_links_color":"","ocean_disable_title":"default","ocean_disable_heading":"default","ocean_post_title":"","ocean_post_subheading":"","ocean_post_title_style":"","ocean_post_title_background_color":"","ocean_post_title_background":0,"ocean_post_title_bg_image_position":"","ocean_post_title_bg_image_attachment":"","ocean_post_title_bg_image_repeat":"","ocean_post_title_bg_image_size":"","ocean_post_title_height":0,"ocean_post_title_bg_overlay":0.5,"ocean_post_title_bg_overlay_color":"","ocean_disable_breadcrumbs":"default","ocean_breadcrumbs_color":"","ocean_breadcrumbs_separator_color":"","ocean_breadcrumbs_links_color":"","ocean_breadcrumbs_links_hover_color":"","ocean_display_footer_widgets":"default","ocean_display_footer_bottom":"default","ocean_custom_footer_template":"","footnotes":""},"class_list":["post-2","page","type-page","status-publish","hentry","entry"],"_links":{"self":[{"href":"https:\/\/ecoledumouvement.fr\/index.php\/wp-json\/wp\/v2\/pages\/2","targetHints":{"allow":["GET"]}}],"collection":[{"href":"https:\/\/ecoledumouvement.fr\/index.php\/wp-json\/wp\/v2\/pages"}],"about":[{"href":"https:\/\/ecoledumouvement.fr\/index.php\/wp-json\/wp\/v2\/types\/page"}],"author":[{"embeddable":true,"href":"https:\/\/ecoledumouvement.fr\/index.php\/wp-json\/wp\/v2\/users\/1"}],"replies":[{"embeddable":true,"href":"https:\/\/ecoledumouvement.fr\/index.php\/wp-json\/wp\/v2\/comments?post=2"}],"version-history":[{"count":122,"href":"https:\/\/ecoledumouvement.fr\/index.php\/wp-json\/wp\/v2\/pages\/2\/revisions"}],"predecessor-version":[{"id":608,"href":"https:\/\/ecoledumouvement.fr\/index.php\/wp-json\/wp\/v2\/pages\/2\/revisions\/608"}],"wp:attachment":[{"href":"https:\/\/ecoledumouvement.fr\/index.php\/wp-json\/wp\/v2\/media?parent=2"}],"curies":[{"name":"wp","href":"https:\/\/api.w.org\/{rel}","templated":true}]}}